{"id":6,"date":"2026-04-24T11:39:32","date_gmt":"2026-04-24T11:39:32","guid":{"rendered":"https:\/\/wizardly-sinoussi.217-154-119-199.plesk.page\/?page_id=6"},"modified":"2026-04-27T12:27:22","modified_gmt":"2026-04-27T12:27:22","slug":"herzlich-willkommen-am-steg-des-wsv-blexen","status":"publish","type":"page","link":"https:\/\/wizardly-sinoussi.217-154-119-199.plesk.page\/?page_id=6","title":{"rendered":"Am Steg!"},"content":{"rendered":"\n<h2 class=\"wp-block-heading\">Moin und herzlich willkommen <\/h2>\n\n\n\n<p>Wir freuen uns, dass ihr bei uns festgemacht habt. Damit ihr euren Aufenthalt im Hafen der Nordenhamer Sportboothafengemeinschaft (NSG) in vollen Z\u00fcgen genie\u00dfen k\u00f6nnt, haben wir hier die wichtigsten Infos f\u00fcr euch zusammengefasst.<\/p>\n\n\n\n<h3 class=\"wp-block-heading\">Ankommen &amp; Festmachen<\/h3>\n\n\n\n<p>Wie in fast jedem Heimathafen gilt auch bei uns das einfache <strong>Rot-Gr\u00fcn-System<\/strong>:<\/p>\n\n\n\n<ul class=\"wp-block-list\">\n<li><strong>Gr\u00fcn:<\/strong> Dieser Platz ist frei \u2013 herzlich willkommen! (Bitte beachtet die Zeitangabe auf dem Schild).<\/li>\n\n\n\n<li><strong>G\u00e4ste<\/strong>: Liegepl\u00e4tze stehen dauerhaft unseren G\u00e4sten zur Verf\u00fcgung.<\/li>\n\n\n\n<li><strong>Rot:<\/strong> Dieser Platz ist belegt. Falls ihr unsicher seid oder Hilfe ben\u00f6tigt, unterst\u00fctzt euch unser <strong>Stegwart<\/strong> gerne bei der Suche nach einem passenden Liegeplatz.<\/li>\n\n\n\n<li><strong>Unterst\u00fctzung bei Problemen!<\/strong><\/li>\n<\/ul>\n\n\n\n<figure class=\"wp-block-image size-large\"><img loading=\"lazy\" decoding=\"async\" width=\"1024\" height=\"768\" src=\"https:\/\/wizardly-sinoussi.217-154-119-199.plesk.page\/wp-content\/uploads\/2026\/04\/Baggerarbeiten-im-Sportboothafen-1024x768.jpg\" alt=\"\" class=\"wp-image-221\" srcset=\"https:\/\/wizardly-sinoussi.217-154-119-199.plesk.page\/wp-content\/uploads\/2026\/04\/Baggerarbeiten-im-Sportboothafen-1024x768.jpg 1024w, https:\/\/wizardly-sinoussi.217-154-119-199.plesk.page\/wp-content\/uploads\/2026\/04\/Baggerarbeiten-im-Sportboothafen-300x225.jpg 300w, https:\/\/wizardly-sinoussi.217-154-119-199.plesk.page\/wp-content\/uploads\/2026\/04\/Baggerarbeiten-im-Sportboothafen-768x576.jpg 768w, https:\/\/wizardly-sinoussi.217-154-119-199.plesk.page\/wp-content\/uploads\/2026\/04\/Baggerarbeiten-im-Sportboothafen-1536x1152.jpg 1536w, https:\/\/wizardly-sinoussi.217-154-119-199.plesk.page\/wp-content\/uploads\/2026\/04\/Baggerarbeiten-im-Sportboothafen.jpg 1600w\" sizes=\"auto, (max-width: 1024px) 100vw, 1024px\" \/><\/figure>\n\n\n\n<p><strong>Wichtige Revier-Infos:<\/strong><\/p>\n\n\n\n<ul class=\"wp-block-list\">\n<li><strong>Die Gezeiten:<\/strong> Unser Hafen ist ein Gezeitenrevier und f\u00e4llt bei Ebbe komplett trocken. Aber keine Sorge: Kiel und Ruder sinken sicher in den weichen Schlick ein, sodass auch Kielboote aufrecht stehen bleiben. Etwa 2 Stunden nach Niedrigwasser (NW) seid ihr wieder flott.<\/li>\n\n\n\n<li><strong>Sicherheit geht vor:<\/strong> Durch gro\u00dfe Schiffe auf der Weser kann es kurz vor oder nach NW kommen. Bitte legt eure Leinen sorgf\u00e4ltig und unbedingt mit <strong>Spring<\/strong> aus.<\/li>\n\n\n\n<li><strong>Bootsl\u00e4nge:<\/strong> Um die Steganlage zu schonen, betr\u00e4gt die maximale Bootsl\u00e4nge bei uns <strong>12 Meter<\/strong>.<\/li>\n<\/ul>\n\n\n\n<hr class=\"wp-block-separator has-alpha-channel-opacity\"\/>\n\n\n\n<h3 class=\"wp-block-heading\">Service &amp; Energiegebrauch<\/h3>\n\n\n\n<p>Wir m\u00f6chten, dass ihr bei uns bestens versorgt seid. Denkt bitte an einen bewussten <strong>Energiegebrauch<\/strong> zum Schutz der Umwelt.<\/p>\n\n\n\n<ul class=\"wp-block-list\">\n<li><strong>Strom:<\/strong> F\u00fcr <strong>nur 2,&#8211; \u20ac pro Tag<\/strong> erhaltet ihr <strong>Landstrom <\/strong>(blaue CEE-Steckdose). Wendet euch zur Freischaltung bitte an den Stegwart oder ein Vereinsmitglied.<\/li>\n\n\n\n<li><strong>Wasser:<\/strong> Frisches Trinkwasser f\u00fcr den t\u00e4glichen Bedarf am Steg ist <strong>kostenlos<\/strong>. F\u00fcr das F\u00fcllen eures Wassertanks (Schlauch-Freischaltung) erbitten wir 2<strong>,00 \u20ac<\/strong>. Bitte nutzt Trinkwasser nicht zum Abspritzen der Boote.<\/li>\n\n\n\n<li><strong>Mastenkran:<\/strong> Der Kran des NSG steht f\u00fcr technische Arbeiten <strong>KOSTENFREI <\/strong>bereit (Nutzung nur durch eingewiesene Mitglieder). <\/li>\n\n\n\n<li><strong>Grillen:<\/strong> Am Stegeingang steht ein Grill f\u00fcr euch bereit. Nach Absprache k\u00f6nnt ihr diesen gerne nutzen \u2013 bitte hinterlasst ihn sauber f\u00fcr die n\u00e4chsten G\u00e4ste.<\/li>\n<\/ul>\n\n\n\n<hr class=\"wp-block-separator has-alpha-channel-opacity\"\/>\n\n\n\n<figure class=\"wp-block-image size-large\"><img loading=\"lazy\" decoding=\"async\" width=\"1024\" height=\"461\" src=\"https:\/\/wizardly-sinoussi.217-154-119-199.plesk.page\/wp-content\/uploads\/2026\/04\/Mast-stellen-1024x461.jpg\" alt=\"\" class=\"wp-image-223\" srcset=\"https:\/\/wizardly-sinoussi.217-154-119-199.plesk.page\/wp-content\/uploads\/2026\/04\/Mast-stellen-1024x461.jpg 1024w, https:\/\/wizardly-sinoussi.217-154-119-199.plesk.page\/wp-content\/uploads\/2026\/04\/Mast-stellen-300x135.jpg 300w, https:\/\/wizardly-sinoussi.217-154-119-199.plesk.page\/wp-content\/uploads\/2026\/04\/Mast-stellen-768x346.jpg 768w, https:\/\/wizardly-sinoussi.217-154-119-199.plesk.page\/wp-content\/uploads\/2026\/04\/Mast-stellen-1536x691.jpg 1536w, https:\/\/wizardly-sinoussi.217-154-119-199.plesk.page\/wp-content\/uploads\/2026\/04\/Mast-stellen.jpg 1600w\" sizes=\"auto, (max-width: 1024px) 100vw, 1024px\" \/><\/figure>\n\n\n\n<h3 class=\"wp-block-heading\">Liegegeld &amp; Kasse des Vertrauens<\/h3>\n\n\n\n<ul class=\"wp-block-list\">\n<li><strong>Frei-Hafenabkommen:<\/strong> Mitglieder verbundener Vereine liegen bei uns als Tagesg\u00e4ste <strong>kostenlos<\/strong>.<\/li>\n\n\n\n<li><strong>Andere G\u00e4ste:<\/strong> Wir berechnen faire <strong>1,00 \u20ac pro angefangenem laufenden Meter<\/strong> Bootsl\u00e4nge.<\/li>\n\n\n\n<li><strong>Zahlung:<\/strong> Bitte entrichtet das Liegegeld sowie die Geb\u00fchren f\u00fcr Strom\/Wasser direkt beim Stegwart oder nutzt die <strong>\u201eKasse des Vertrauens\u201c<\/strong> (beschrifteter Umschlag im Einwurf).<\/li>\n<\/ul>\n\n\n\n<hr class=\"wp-block-separator has-alpha-channel-opacity\"\/>\n\n\n\n<h3 class=\"wp-block-heading\">Infrastruktur im Hafen (NSG)<\/h3>\n\n\n\n<p>Als Gast des WSV Blexen stehen euch die modernen Einrichtungen der NSG zur Verf\u00fcgung:<\/p>\n\n\n\n<ul class=\"wp-block-list\">\n<li><strong>Hafenhaus:<\/strong> Hier findet ihr Sanit\u00e4ranlagen und ein Behinderten-WC. Den aktuellen <strong>T\u00fcr-Code<\/strong> findet ihr am Ausgang unseres Steges.<\/li>\n\n\n\n<li><strong>Duschen:<\/strong> Die Automaten werden mit <strong>1,00 \u20ac-M\u00fcnzen<\/strong> gef\u00fcttert.<\/li>\n\n\n\n<li><strong>F\u00fcr Familien:<\/strong> Direkt am Hafen gibt es Spielger\u00e4te f\u00fcr die kleinen Matrosen.<\/li>\n\n\n\n<li><strong>Gastronomie:<\/strong> Grillfans k\u00f6nnen nach Absprache mit dem SCN \u201eFreddys Inn\u201c nutzen.<\/li>\n<\/ul>\n\n\n\n<hr class=\"wp-block-separator has-alpha-channel-opacity\"\/>\n\n\n\n<h3 class=\"wp-block-heading\">Ein sauberes Revier: Regeln &amp; Umwelt<\/h3>\n\n\n\n<p>Ein gutes Miteinander ist uns wichtig. Bitte beachtet die NSG-Hafenordnung:<\/p>\n\n\n\n<ol start=\"1\" class=\"wp-block-list\">\n<li><strong>Ruhezeiten:<\/strong> Bitte vermeidet unn\u00f6tigen L\u00e4rm, damit alle die Hafenidylle genie\u00dfen k\u00f6nnen.<\/li>\n\n\n\n<li><strong>Sicherheit:<\/strong> Im gesamten Hafenbecken herrscht <strong>Badeverbot<\/strong>.<\/li>\n\n\n\n<li><strong>Vierbeiner:<\/strong> Hunde sind an unserem Steg und im Hafengel\u00e4nde an der <strong>Leine<\/strong> zu f\u00fchren.<\/li>\n\n\n\n<li><strong>M\u00fclltrennung:<\/strong> M\u00fcllentsorgung hinter dem Hafenhaus. Altglascontainer findet ihr auf dem Parkplatz. <strong>Verpackungsm\u00fcll und Alt\u00f6l<\/strong> m\u00fcsst ihr bitte wieder mitnehmen (Urlauber halten bitte R\u00fccksprache mit dem Stegwart).<\/li>\n<\/ol>\n\n\n\n<p><strong>Wir w\u00fcnschen euch einen entspannten Aufenthalt, immer eine Handbreit Schlick unter dem Kiel und eine gute Zeit in Nordenham!<\/strong><\/p>\n\n\n\n<hr class=\"wp-block-separator has-alpha-channel-opacity\"\/>\n\n\n\n<p><em>Euer Team vom WSV Blexen e.V.<\/em><\/p>\n\n\n\n<figure class=\"wp-block-image size-large\"><img loading=\"lazy\" decoding=\"async\" width=\"1024\" height=\"528\" src=\"https:\/\/wizardly-sinoussi.217-154-119-199.plesk.page\/wp-content\/uploads\/2026\/04\/image-1024x528.png\" alt=\"\" class=\"wp-image-224\" srcset=\"https:\/\/wizardly-sinoussi.217-154-119-199.plesk.page\/wp-content\/uploads\/2026\/04\/image-1024x528.png 1024w, https:\/\/wizardly-sinoussi.217-154-119-199.plesk.page\/wp-content\/uploads\/2026\/04\/image-300x155.png 300w, https:\/\/wizardly-sinoussi.217-154-119-199.plesk.page\/wp-content\/uploads\/2026\/04\/image-768x396.png 768w, https:\/\/wizardly-sinoussi.217-154-119-199.plesk.page\/wp-content\/uploads\/2026\/04\/image.png 1208w\" sizes=\"auto, (max-width: 1024px) 100vw, 1024px\" \/><\/figure>\n","protected":false},"excerpt":{"rendered":"<p>Moin und herzlich willkommen Wir freuen uns, dass ihr bei uns festgemacht habt. Damit ihr euren Aufenthalt im Hafen der<\/p>\n","protected":false},"author":1,"featured_media":0,"parent":0,"menu_order":3,"comment_status":"closed","ping_status":"closed","template":"","meta":{"footnotes":""},"class_list":["post-6","page","type-page","status-publish","hentry"],"_links":{"self":[{"href":"https:\/\/wizardly-sinoussi.217-154-119-199.plesk.page\/index.php?rest_route=\/wp\/v2\/pages\/6","targetHints":{"allow":["GET"]}}],"collection":[{"href":"https:\/\/wizardly-sinoussi.217-154-119-199.plesk.page\/index.php?rest_route=\/wp\/v2\/pages"}],"about":[{"href":"https:\/\/wizardly-sinoussi.217-154-119-199.plesk.page\/index.php?rest_route=\/wp\/v2\/types\/page"}],"author":[{"embeddable":true,"href":"https:\/\/wizardly-sinoussi.217-154-119-199.plesk.page\/index.php?rest_route=\/wp\/v2\/users\/1"}],"replies":[{"embeddable":true,"href":"https:\/\/wizardly-sinoussi.217-154-119-199.plesk.page\/index.php?rest_route=%2Fwp%2Fv2%2Fcomments&post=6"}],"version-history":[{"count":10,"href":"https:\/\/wizardly-sinoussi.217-154-119-199.plesk.page\/index.php?rest_route=\/wp\/v2\/pages\/6\/revisions"}],"predecessor-version":[{"id":225,"href":"https:\/\/wizardly-sinoussi.217-154-119-199.plesk.page\/index.php?rest_route=\/wp\/v2\/pages\/6\/revisions\/225"}],"wp:attachment":[{"href":"https:\/\/wizardly-sinoussi.217-154-119-199.plesk.page\/index.php?rest_route=%2Fwp%2Fv2%2Fmedia&parent=6"}],"curies":[{"name":"wp","href":"https:\/\/api.w.org\/{rel}","templated":true}]}}